{"version":"1.0","provider_name":"Conseil des EPF ","provider_url":"https:\/\/ethrat.ch\/fr\/","title":"Diversit\u00e9, \u00e9galit\u00e9 et inclusion: strat\u00e9gie 2025-2028 - Conseil des EPF","type":"rich","width":600,"height":338,"html":"<blockquote class=\"wp-embedded-content\" data-secret=\"N3lsgw7ErR\"><a href=\"https:\/\/ethrat.ch\/fr\/actualites\/diversite-egalite-et-inclusion-strategie-2025-2028\/\">Diversit\u00e9, \u00e9galit\u00e9 et inclusion: strat\u00e9gie 2025-2028<\/a><\/blockquote><iframe sandbox=\"allow-scripts\" security=\"restricted\" src=\"https:\/\/ethrat.ch\/fr\/actualites\/diversite-egalite-et-inclusion-strategie-2025-2028\/embed\/#?secret=N3lsgw7ErR\" width=\"600\" height=\"338\" title=\"\u00ab\u00a0Diversit\u00e9, \u00e9galit\u00e9 et inclusion: strat\u00e9gie 2025-2028\u00a0\u00bb &#8212; Conseil des EPF \" data-secret=\"N3lsgw7ErR\" frameborder=\"0\" marginwidth=\"0\" marginheight=\"0\" scrolling=\"no\" class=\"wp-embedded-content\"><\/iframe><script type=\"text\/javascript\">\n\/* <![CDATA[ *\/\n\/*! This file is auto-generated *\/\n!function(d,l){\"use strict\";l.querySelector&&d.addEventListener&&\"undefined\"!=typeof URL&&(d.wp=d.wp||{},d.wp.receiveEmbedMessage||(d.wp.receiveEmbedMessage=function(e){var t=e.data;if((t||t.secret||t.message||t.value)&&!\/[^a-zA-Z0-9]\/.test(t.secret)){for(var s,r,n,a=l.querySelectorAll('iframe[data-secret=\"'+t.secret+'\"]'),o=l.querySelectorAll('blockquote[data-secret=\"'+t.secret+'\"]'),c=new RegExp(\"^https?:$\",\"i\"),i=0;i<o.length;i++)o[i].style.display=\"none\";for(i=0;i<a.length;i++)s=a[i],e.source===s.contentWindow&&(s.removeAttribute(\"style\"),\"height\"===t.message?(1e3<(r=parseInt(t.value,10))?r=1e3:~~r<200&&(r=200),s.height=r):\"link\"===t.message&&(r=new URL(s.getAttribute(\"src\")),n=new URL(t.value),c.test(n.protocol))&&n.host===r.host&&l.activeElement===s&&(d.top.location.href=t.value))}},d.addEventListener(\"message\",d.wp.receiveEmbedMessage,!1),l.addEventListener(\"DOMContentLoaded\",function(){for(var e,t,s=l.querySelectorAll(\"iframe.wp-embedded-content\"),r=0;r<s.length;r++)(t=(e=s[r]).getAttribute(\"data-secret\"))||(t=Math.random().toString(36).substring(2,12),e.src+=\"#?secret=\"+t,e.setAttribute(\"data-secret\",t)),e.contentWindow.postMessage({message:\"ready\",secret:t},\"*\")},!1)))}(window,document);\n\/\/# sourceURL=https:\/\/ethrat.ch\/wp-includes\/js\/wp-embed.min.js\n\/* ]]> *\/\n<\/script>\n","description":"Le Domaine des EPF s\u2019engage \u00e0 garantir l\u2019\u00e9galit\u00e9 des chances et \u00e0 cr\u00e9er une culture d\u2019inclusion et d\u2019appartenance pour tous ses membres. Si l\u2019\u00e9galit\u00e9 des sexes reste une priorit\u00e9 essentielle, le Conseil des EPF a d\u00e9cid\u00e9 d\u2019\u00e9tendre sa strat\u00e9gie en mati\u00e8re de genre pour le Domaine des EPF 2021\u20132024 en une strat\u00e9gie plus globale pour ...","thumbnail_url":"https:\/\/ethrat.ch\/wp-content\/uploads\/2021\/11\/Petrol_ari-spada-wVoMvN5NsU0-unsplash.jpg","thumbnail_width":1120,"thumbnail_height":580}

Diversité, égalité et inclusion: stratégie 2025-2028 - Conseil des EPF

<blockquote class="wp-embedded-content" data-secret="N3lsgw7ErR"><a href="https://ethrat.ch/fr/actualites/diversite-egalite-et-inclusion-strategie-2025-2028/">Diversité, égalité et inclusion: stratégie 2025-2028</a></blockquote><iframe sandbox="allow-scripts" security="restricted" src="https://ethrat.ch/fr/actualites/diversite-egalite-et-inclusion-strategie-2025-2028/embed/#?secret=N3lsgw7ErR" width="600" height="338" title="« Diversité, égalité et inclusion: stratégie 2025-2028 » &#8212; Conseil des EPF " data-secret="N3lsgw7ErR" frameborder="0" marginwidth="0" marginheight="0" scrolling="no" class="wp-embedded-content"></iframe><script type="text/javascript">
/* <![CDATA[ */
/*! This file is auto-generated */
!function(d,l){"use strict";l.querySelector&&d.addEventListener&&"undefined"!=typeof URL&&(d.wp=d.wp||{},d.wp.receiveEmbedMessage||(d.wp.receiveEmbedMessage=function(e){var t=e.data;if((t||t.secret||t.message||t.value)&&!/[^a-zA-Z0-9]/.test(t.secret)){for(var s,r,n,a=l.querySelectorAll('iframe[data-secret="'+t.secret+'"]'),o=l.querySelectorAll('blockquote[data-secret="'+t.secret+'"]'),c=new RegExp("^https?:$","i"),i=0;i<o.length;i++)o[i].style.display="none";for(i=0;i<a.length;i++)s=a[i],e.source===s.contentWindow&&(s.removeAttribute("style"),"height"===t.message?(1e3<(r=parseInt(t.value,10))?r=1e3:~~r<200&&(r=200),s.height=r):"link"===t.message&&(r=new URL(s.getAttribute("src")),n=new URL(t.value),c.test(n.protocol))&&n.host===r.host&&l.activeElement===s&&(d.top.location.href=t.value))}},d.addEventListener("message",d.wp.receiveEmbedMessage,!1),l.addEventListener("DOMContentLoaded",function(){for(var e,t,s=l.querySelectorAll("iframe.wp-embedded-content"),r=0;r<s.length;r++)(t=(e=s[r]).getAttribute("data-secret"))||(t=Math.random().toString(36).substring(2,12),e.src+="#?secret="+t,e.setAttribute("data-secret",t)),e.contentWindow.postMessage({message:"ready",secret:t},"*")},!1)))}(window,document);
//# sourceURL=https://ethrat.ch/wp-includes/js/wp-embed.min.js
/* ]]> */
</script>

Le Domaine des EPF s’engage à garantir l’égalité des chances et à créer une culture d’inclusion et d’appartenance pour tous ses membres. Si l’égalité des sexes reste une priorité essentielle, le Conseil des EPF a décidé d’étendre sa stratégie en matière de genre pour le Domaine des EPF 2021–2024 en une stratégie plus globale pour ...
